{"id":321,"date":"2023-09-08T21:25:20","date_gmt":"2023-09-08T21:25:20","guid":{"rendered":"https:\/\/demo.divi-pixel.com\/travel\/?page_id=321"},"modified":"2025-06-27T17:39:16","modified_gmt":"2025-06-27T17:39:16","slug":"nosotros","status":"publish","type":"page","link":"https:\/\/tonansin.com.mx\/?page_id=321","title":{"rendered":"Nosotros"},"content":{"rendered":"<p>[et_pb_section fb_built=&#8221;1&#8243; custom_padding_last_edited=&#8221;on|tablet&#8221; _builder_version=&#8221;4.27.4&#8243; _module_preset=&#8221;default&#8221; use_background_color_gradient=&#8221;on&#8221; background_color_gradient_stops=&#8221;rgba(0,0,0,0.3) 0%|rgba(0,0,0,0.3) 100%&#8221; background_color_gradient_overlays_image=&#8221;on&#8221; background_image=&#8221;https:\/\/tonansin.com.mx\/wp-content\/uploads\/2025\/06\/2.png&#8221; custom_margin=&#8221;-180px||||false|false&#8221; custom_margin_tablet=&#8221;-90px||||false|false&#8221; custom_margin_phone=&#8221;-90px||||false|false&#8221; custom_margin_last_edited=&#8221;on|tablet&#8221; custom_padding=&#8221;214px||36px||false|false&#8221; custom_padding_tablet=&#8221;200px||150px||false|false&#8221; custom_padding_phone=&#8221;150px||50px||false|false&#8221; locked=&#8221;off&#8221; global_colors_info=&#8221;{}&#8221;][et_pb_row _builder_version=&#8221;4.20.2&#8243; _module_preset=&#8221;default&#8221; width=&#8221;100%&#8221; max_width=&#8221;100%&#8221; global_colors_info=&#8221;{}&#8221;][et_pb_column type=&#8221;4_4&#8243; _builder_version=&#8221;4.20.2&#8243; _module_preset=&#8221;default&#8221; global_colors_info=&#8221;{}&#8221;][dipi_dual_heading first_heading=&#8221;Nosotros&#8221; heading_display=&#8221;column&#8221; sh_padding=&#8221;0px|3px|20px|3px|false|false&#8221; _builder_version=&#8221;4.27.4&#8243; _module_preset=&#8221;default&#8221; first_heading_font=&#8221;Poppins|600|||||||&#8221; first_heading_text_color=&#8221;#FFFFFF&#8221; first_heading_font_size=&#8221;80px&#8221; first_heading_line_height=&#8221;1.3em&#8221; second_heading_font=&#8221;Poppins||||||||&#8221; second_heading_text_color=&#8221;#FFFFFF&#8221; second_heading_font_size=&#8221;80px&#8221; second_heading_letter_spacing=&#8221;-3px&#8221; second_heading_line_height=&#8221;1em&#8221; custom_margin_tablet=&#8221;&#8221; custom_margin_phone=&#8221;||0px||false|false&#8221; custom_margin_last_edited=&#8221;on|phone&#8221; first_heading_font_size_tablet=&#8221;60px&#8221; first_heading_font_size_phone=&#8221;40px&#8221; first_heading_font_size_last_edited=&#8221;on|phone&#8221; first_heading_line_height_tablet=&#8221;1.2em&#8221; first_heading_line_height_phone=&#8221;1.3em&#8221; first_heading_line_height_last_edited=&#8221;off|phone&#8221; second_heading_font_size_tablet=&#8221;60px&#8221; second_heading_font_size_phone=&#8221;40px&#8221; second_heading_font_size_last_edited=&#8221;on|phone&#8221; global_colors_info=&#8221;{}&#8221;][\/dipi_dual_heading][dipi_breadcrumbs bc_separator_icon=&#8221;&#x24;||divi||400&#8243; bc_separator_color=&#8221;#FFFFFF&#8221; bc_items_alignment_tablet=&#8221;dipi-bc-center&#8221; bc_items_alignment_phone=&#8221;dipi-bc-center&#8221; bc_items_alignment_last_edited=&#8221;on|tablet&#8221; _builder_version=&#8221;4.20.2&#8243; _module_preset=&#8221;default&#8221; items_font=&#8221;Poppins|||on|||||&#8221; items_text_color=&#8221;#FFFFFF&#8221; items_letter_spacing=&#8221;2px&#8221; hover_font=&#8221;Poppins|||on|||||&#8221; hover_text_color=&#8221;#FFFFFF&#8221; hover_letter_spacing=&#8221;2px&#8221; active_font=&#8221;Poppins|||on|||||&#8221; active_text_color=&#8221;#FFFFFF&#8221; active_letter_spacing=&#8221;2px&#8221; transform_scale_tablet=&#8221;&#8221; transform_scale_phone=&#8221;&#8221; transform_scale_last_edited=&#8221;on|tablet&#8221; transform_translate_tablet=&#8221;&#8221; transform_translate_phone=&#8221;&#8221; transform_translate_last_edited=&#8221;on|tablet&#8221; transform_rotate=&#8221;0deg|0deg|270deg&#8221; transform_rotate_tablet=&#8221;0deg|0deg|0deg&#8221; transform_rotate_phone=&#8221;0deg|0deg|0deg&#8221; transform_rotate_last_edited=&#8221;on|tablet&#8221; transform_skew_tablet=&#8221;&#8221; transform_skew_phone=&#8221;&#8221; transform_skew_last_edited=&#8221;on|tablet&#8221; transform_origin_tablet=&#8221;&#8221; transform_origin_phone=&#8221;&#8221; transform_origin_last_edited=&#8221;on|tablet&#8221; transform_styles_last_edited=&#8221;on|tablet&#8221; positioning=&#8221;absolute&#8221; position_origin_a=&#8221;center_right&#8221; position_origin_a_tablet=&#8221;center_right&#8221; position_origin_a_phone=&#8221;center_right&#8221; position_origin_a_last_edited=&#8221;on|tablet&#8221; position_origin_f_tablet=&#8221;&#8221; position_origin_f_phone=&#8221;&#8221; position_origin_f_last_edited=&#8221;on|tablet&#8221; position_origin_r_tablet=&#8221;&#8221; position_origin_r_phone=&#8221;&#8221; position_origin_r_last_edited=&#8221;on|tablet&#8221; max_width=&#8221;340px&#8221; max_width_tablet=&#8221;100%&#8221; max_width_phone=&#8221;100%&#8221; max_width_last_edited=&#8221;on|tablet&#8221; transform_styles_tablet=&#8221;&#8221; transform_styles_phone=&#8221;&#8221; positioning_tablet=&#8221;none&#8221; positioning_phone=&#8221;none&#8221; positioning_last_edited=&#8221;on|tablet&#8221; global_colors_info=&#8221;{}&#8221;][\/dipi_breadcrumbs][\/et_pb_column][\/et_pb_row][\/et_pb_section][et_pb_section fb_built=&#8221;1&#8243; _builder_version=&#8221;4.20.2&#8243; _module_preset=&#8221;default&#8221; min_height=&#8221;756.8px&#8221; custom_padding=&#8221;||0px|||&#8221; global_colors_info=&#8221;{}&#8221;][et_pb_row column_structure=&#8221;1_2,1_2&#8243; use_custom_gutter=&#8221;on&#8221; gutter_width=&#8221;2&#8243; _builder_version=&#8221;4.27.4&#8243; _module_preset=&#8221;default&#8221; global_colors_info=&#8221;{}&#8221;][et_pb_column type=&#8221;1_2&#8243; _builder_version=&#8221;4.20.2&#8243; _module_preset=&#8221;default&#8221; global_colors_info=&#8221;{}&#8221;][et_pb_image src=&#8221;https:\/\/tonansin.com.mx\/wp-content\/uploads\/2025\/06\/1-1.png&#8221; title_text=&#8221;1&#8243; show_bottom_space=&#8221;off&#8221; align=&#8221;center&#8221; _builder_version=&#8221;4.27.4&#8243; _module_preset=&#8221;default&#8221; background_enable_color=&#8221;off&#8221; global_colors_info=&#8221;{}&#8221;][\/et_pb_image][\/et_pb_column][et_pb_column type=&#8221;1_2&#8243; _builder_version=&#8221;4.20.2&#8243; _module_preset=&#8221;default&#8221; global_colors_info=&#8221;{}&#8221;][et_pb_text _builder_version=&#8221;4.27.4&#8243; _module_preset=&#8221;default&#8221; text_font=&#8221;Poppins|500|||||||&#8221; text_text_color=&#8221;#000000&#8243; text_font_size=&#8221;19px&#8221; text_line_height=&#8221;1.6em&#8221; custom_padding=&#8221;138px|||||&#8221; hover_enabled=&#8221;0&#8243; locked=&#8221;off&#8221; global_colors_info=&#8221;{}&#8221; sticky_enabled=&#8221;0&#8243;]<\/p>\n<p>Somos una empresa con la finalidad de satisfacer el creciente mercado de sublimado, suministrando art\u00edculos en blanco para agencias de publicidad y serigrafistas, importando productos de los Estados Unidos y otros pa\u00edses.<\/p>\n<p>A ra\u00edz de la creciente demanda por nuestros productos y la demanda de nuestros clientes por aumentar nuestra l\u00ednea de productos\u00a0 iniciamos alianzas con importadores nacionales del ramo para ampliar nuestra gama de productos logrando incrementarla de 10 art\u00edculos a mas de 2500 lo cual nos ha permitido liderar el mercado de la zona norte del pa\u00eds, lo cual queremos seguir haci\u00e9ndolo con la ayuda de nuestros distribuidores y cuidando la calidad y precios de nuestros productos.<\/p>\n<p>[\/et_pb_text][\/et_pb_column][\/et_pb_row][\/et_pb_section]<\/p>\n","protected":false},"excerpt":{"rendered":"<p><div class=\"et_pb_module dipi_dual_heading dipi_dual_heading_0\">\n\t\t\t\t\n\t\t\t\t\n\t\t\t\t\n\t\t\t\t\n\t\t\t\t\n\t\t\t\t\n\t\t\t\t<div class=\"et_pb_module_inner\">\n\t\t\t\t\t\n                <div class=\"dipi-dual-heading \">\n                    <h2 class=\"dipi-dh-main\">\n                        <span class=\"dipi-dh-first-heading\">\n                            <span class=\"dipi-dh-animation-container\">\n                                <span class=\"dipi-dh-bg-container\">\n                                    Nosotros\n                                <\/span>\n                            <\/span>\n                        <\/span>\n                        <span class=\"dipi-dh-second-heading\">\n                            <span class=\"dipi-dh-animation-container\">\n                                <span class=\"dipi-dh-bg-container\">\n                                    \n                                <\/span>\n                            <\/span>\n                        <\/span>\n                    <\/h2>\n                <\/div>\n\t\t\t\t<\/div>\n\t\t\t<\/div><div class=\"et_pb_module dipi_breadcrumbs dipi_breadcrumbs_0\">\n\t\t\t\t\n\t\t\t\t\n\t\t\t\t\n\t\t\t\t\n\t\t\t\t\n\t\t\t\t\n\t\t\t\t<div class=\"et_pb_module_inner\">\n\t\t\t\t\t<div class=\"dipi-breadcrumbs dipi-bc-left\">\n                <ul >\n                    \n                                <li  class=\"dipi-breadcrumb-item dipi-breadcrumb-home\">\n\n                                    <a  href=\"https:\/\/tonansin.com.mx\">\n                        <span >\n                                                        Tonansin                        <\/span>\n                    <\/a>\n\n                                <meta itemprop=\"position\" content=\"1\"\/>            <\/li>\n\n            <li class=\"dipi-breadcrumb-separator\">\n                    <span class=\"et-pb-icon dipi-separator-icon\"><\/span>\n                <\/li>            \n                <\/ul>\n            <\/div>\n\t\t\t\t<\/div>\n\t\t\t<\/div><\/p>\n","protected":false},"author":2,"featured_media":0,"parent":0,"menu_order":0,"comment_status":"closed","ping_status":"closed","template":"","meta":{"_et_pb_use_builder":"on","_et_pb_old_content":"","_et_gb_content_width":"","_joinchat":[],"footnotes":""},"dipi_cpt_category":[],"class_list":["post-321","page","type-page","status-publish","hentry"],"_links":{"self":[{"href":"https:\/\/tonansin.com.mx\/index.php?rest_route=\/wp\/v2\/pages\/321","targetHints":{"allow":["GET"]}}],"collection":[{"href":"https:\/\/tonansin.com.mx\/index.php?rest_route=\/wp\/v2\/pages"}],"about":[{"href":"https:\/\/tonansin.com.mx\/index.php?rest_route=\/wp\/v2\/types\/page"}],"author":[{"embeddable":true,"href":"https:\/\/tonansin.com.mx\/index.php?rest_route=\/wp\/v2\/users\/2"}],"replies":[{"embeddable":true,"href":"https:\/\/tonansin.com.mx\/index.php?rest_route=%2Fwp%2Fv2%2Fcomments&post=321"}],"version-history":[{"count":3,"href":"https:\/\/tonansin.com.mx\/index.php?rest_route=\/wp\/v2\/pages\/321\/revisions"}],"predecessor-version":[{"id":5006,"href":"https:\/\/tonansin.com.mx\/index.php?rest_route=\/wp\/v2\/pages\/321\/revisions\/5006"}],"wp:attachment":[{"href":"https:\/\/tonansin.com.mx\/index.php?rest_route=%2Fwp%2Fv2%2Fmedia&parent=321"}],"wp:term":[{"taxonomy":"dipi_cpt_category","embeddable":true,"href":"https:\/\/tonansin.com.mx\/index.php?rest_route=%2Fwp%2Fv2%2Fdipi_cpt_category&post=321"}],"curies":[{"name":"wp","href":"https:\/\/api.w.org\/{rel}","templated":true}]}}